te b(5).
27
Let z(q) = 2*q**2 + 7*q + 29. Calculate z(-10).
159
Let s(n) = -4*n**2 - 2*n - 2. Give s(-2).
-14
Let b(v) = -2*v**3 + 6*v**2 - 10. Determine b(3).
-10
Let r(p) = -3*p - 24. What is r(-10)?
6
Let q(t) = 13*t + 74. What is q(-6)?
-4
Let n(s) = -2*s**3 + 10*s**2 - s - 2. What is n(5)?
-7
Let v(c) = c**3 + 10*c**2 - 11*c - 1. Determine v(-11).
-1
Let a(s) = s**3 - 15*s**2 - 17*s + 41. Calculate a(16).
25
Let u(g) = -47*g**3 + 2*g**2 - 1. Determine u(1).
-46
Let o(n) = n**2 - 14*n + 41. What is o(6)?
-7
Let q(a) = 58*a - 1462. What is q(25)?
-12
Let j(m) = -m**3 + 4*m**2 - 2*m + 33. What is j(5)?
-2
Let o(u) = 9*u + 3. Determine o(-2).
-15
Let n(f) = 2*f**3 - 14*f**2 - 3*f + 13. Calculate n(7).
-8
Let f(j) = 12*j**3 - 2*j**2 + 1. Calculate f(-1).
-13
Let x(z) = -z**3 + 3*z**2 - 6*z - 21. Determine x(-3).
51
Let a(g) = 7*g. What is a(5)?
35
Let x(g) = 5*g + 8. What is x(0)?
8
Let d(q) = -3*q**2 + 6*q - 2. Give d(2).
-2
Let x(u) = 4*u - 16. Calculate x(-11).
-60
Let o(g) = -2*g**3 + 6*g**2 + 12*g - 5. Give o(4).
11
Let n(u) = -u**3 + 6*u**2 + u + 9. Determine n(4).
45
Let s(q) = q + 59. What is s(-66)?
-7
Let p(s) = -2*s**2 - 40*s - 11. What is p(-17)?
91
Let k(r) = 10*r. Give k(-5).
-50
Let r(i) = -i**2 + 45*i - 147. What is r(41)?
17
Let v(h) = -h**2 - 48*h + 110. Calculate v(-50).
10
Let w(o) = o**3 - 6*o**2 + 3. Give w(6).
3
Let c(z) = -19*z - 50. Determine c(-6).
64
Let s(q) = q**3 - 15*q**2 + q - 19. Calculate s(15).
-4
Let u(x) = 3*x - 12. Calculate u(-7).
-33
Let y(g) = -g**2 + 13*g - 6. Determine y(14).
-20
Let d(a) = a**3 + 12*a**2 + 12*a - 15. Give d(-11).
-26
Let r(m) = -m + 8. What is r(5)?
3
Let x(n) = -2*n**3 - 17*n**2 + 9*n - 5. What is x(-9)?
-5
Let x(m) = m**3 - 15*m**2 - 56*m - 14. Calculate x(18).
-50
Let y(f) = -8*f - 8. Calculate y(0).
-8
Let o(l) = -2*l**2 - 6*l + 1. Determine o(-6).
-35
Let o(w) = -w**3 + 6*w**2 - 3*w - 7. Calculate o(5).
3
Let a(w) = -w**3 + 9*w**2 - 10. Calculate a(9).
-10
Let a(h) = -h**3 - 6*h**2 - 2*h + 4. Calculate a(-4).
-20
Let l(w) = -w**3 - 4*w**2 - 5*w. Determine l(-4).
20
Let w(q) = q + 2. What is w(0)?
2
Let i(r) = -r**2 - 6*r - 1. Give i(-6).
-1
Let o(v) = -v**3 - 5*v**2 - 3*v + 1. Give o(-5).
16
Let l(v) = v - 30. Determine l(16).
-14
Let n(u) = -3*u**2 + 11*u + 8. Determine n(4).
4
Let c(q) = -3*q - 7. Calculate c(-2).
-1
Let n(j) = 2*j**3 + 3*j**2 - 4*j - 1. Give n(-3).
-16
Let k(z) = -z**2 + 4*z + 8. Calculate k(5).
3
Let s(k) = k**2 - 7*k - 9. Calculate s(10).
21
Let u(t) = 3*t - 14. What is u(2)?
-8
Let f(m) = -m**3 - 14*m**2 - 16*m - 32. Give f(-13).
7
Let x(h) = -2*h**2 - 4*h + 12. Calculate x(-4).
-4
Let c(z) = -z**2 + 2*z + 21. Determine c(0).
21
Let n(c) = c**3 + 6*c**2 - 7. Determine n(-6).
-7
Let f(m) = -m**3 - 8*m**2 - 7*m + 3. Give f(-7).
3
Let m(j) = 6*j - 5. What is m(-4)?
-29
Let j(k) = -2*k**3 + 19*k**2 - 9*k. What is j(9)?
0
Let w(a) = a**2 + 29*a + 80. Calculate w(-21).
-88
Let a(j) = -j**2 + 35*j - 209. Determine a(28).
-13
Let l(d) = d + 49. Calculate l(-27).
22
Let b(o) = -o**3 - 26*o**2 + 4. What is b(-26)?
4
Let z(c) = 5*c + 9. Calculate z(-3).
-6
Let r(m) = -165*m + 658. Calculate r(4).
-2
Let j(u) = 3*u**2 - u - 5. Calculate j(3).
19
Let z(i) = -i**2 + 9*i + 5. Give z(7).
19
Let n(j) = 6*j - 26. Determine n(5).
4
Let w(n) = -3*n**3 - 3*n**2 + 3*n + 5. Determine w(-3).
50
Let q(f) = f**2 - 2*f - 3. Determine q(-3).
12
Let b(y) = -y**2 - 7*y + 1. What is b(-5)?
11
Let a(t) = -t**3 - 13*t**2 + 5*t - 13. What is a(-13)?
-78
Let k(f) = f + 18. What is k(16)?
34
Let a(h) = -2*h - 6. Give a(-5).
4
Let b(o) = o + 29. What is b(-21)?
8
Let j(f) = -2*f + 33. Determine j(15).
3
Let b(w) = w**3 - 15*w**2 + 16*w - 19. Determine b(14).
9
Let t(q) = -q**2 + 8*q - 6. What is t(8)?
-6
Let c(k) = 3*k**3 - k**2 + 2*k - 3. Determine c(3).
75
Let s(r) = r**3 + 14*r**2 - 17*r - 22. Give s(-15).
8
Let d(s) = -2*s**3 + 7*s**2 + 8. Give d(4).
-8
Let l(j) = j**3 - 9*j**2 + 8*j + 6. Give l(8).
6
Let a(m) = 9*m - 64. Calculate a(9).
17
Let x(t) = -t**3 + 2*t**2 + t. Calculate x(3).
-6
Let a(o) = -4*o + 105. What is a(26)?
1
Let l(o) = o**2 + 26*o + 47. Determine l(-24).
-1
Let n(o) = -o**2 - 20*o + 6. Determine n(-19).
25
Let h(a) = a**3 + 11*a**2 - 6*a + 3. What is h(-11)?
69
Let k(o) = o**3 + 21*o**2 + 22*o + 32. Give k(-20).
-8
Let i(w) = -3*w + 18. Calculate i(4).
6
Let j(d) = -3*d - 30. Calculate j(-12).
6
Let x(t) = t**3 + 12*t**2 - 17*t - 17. Calculate x(-13).
35
Let q(t) = -t**3 - 4*t**2 + 3*t - 4. Give q(3).
-58
Let j(p) = -p**2 - 41*p - 110. Determine j(-38).
4
Let k(z) = 10*z + 443. What is k(-45)?
-7
Let g(t) = 8*t**2 - t + 1. Calculate g(3).
70
Let m(g) = 3*g - 22. What is m(4)?
-10
Let y(p) = 5*p + 105. Determine y(-26).
-25
Let t(l) = 12*l. Determine t(1).
12
Let f(j) = 3*j**3 - 19*j**2 + 12*j - 45. Determine f(6).
-9
Let q(d) = d**3 - 3*d**2 - 5*d + 8. Give q(4).
4
Let g(k) = -2*k + 16. Give g(6).
4
Let v(g) = g**2 - 17. What is v(4)?
-1
Let b(h) = 5*h**2 - h + 1. Determine b(-3).
49
Let x(u) = -u**2 + 10*u + 5. Give x(11).
-6
Let q(c) = 2*c**3 - 2*c**2 + 2*c + 2. Give q(-2).
-26
Let k(b) = b**3 + 2*b**2 + 2*b - 5. What is k(-2)?
-9
Let m(d) = -2*d - 27. Calculate m(5).
-37
Let t(n) = -n**2 + 16*n + 2. Determine t(0).
2
Let u(p) = -58*p**3 - p**2 + p. Determine u(1).
-58
Let k(t) = -6*t**2 - 6*t + 1. Calculate k(-4).
-71
Let k(b) = -b**2 - 6*b - 2. What is k(-8)?
-18
Let u(s) = s**3 + 15*s**2 + 34*s - 25. What is u(-12)?
-1
Let o(x) = -x**3 - 11*x**2 - 9*x - 3. Give o(-10).
-13
Let l(m) = -2*m**2 - 5*m - 3. Give l(-3).
-6
Let x(q) = -q**3 + 5*q**2 - 4*q + 9. Calculate x(5).
-11
Let t(q) = q**3 - 46*q**2 - 148*q + 58. Calculate t(49).
9
Let b(v) = 20*v**2 + 2*v + 2. What is b(-2)?
78
Let v(o) = -o**3 - 5*o**2 - 24*o - 4. What is v(-5)?
116
Let a(s) = 4*s + 3. Give a(-1).
-1
Let w(o) = -24*o - 483. Determine w(-20).
-3
Let x(r) = 6*r**2 - 2*r + 1. Calculate x(1).
5
Let l(i) = 11*i + 18. Give l(-3).
-15
Let t(p) = p**2 - 11*p - 2. What is t(10)?
-12
Let v(p) = -p - 7. Calculate v(-10).
3
Let x(j) = j**3 + 54*j - 54. Give x(1).
1
Let v(u) = 18*u - 131. Give v(7).
-5
Let n(r) = -2*r**3 + 14*r**2 - 11*r - 6. Calculate n(6).
0
Let b(q) = q**2 - 7*q - 24. Determine b(9).
-6
Let g(a) = -a + 17. Determine g(6).
11
Let g(v) = -v**3 + 8*v**2 + 3*v + 41. Calculate g(9).
-13
Let a(m) = 8*m**2 + 9*m + 6. Determine a(-4).
98
Let h(b) = 2*b**2 - 12*b - 13. Calculate h(9).
41
Let a(g) = 2*g + 3. What is a(-4)?
-5
Let m(r) = -r**3 - 14*r**2 - 33*r - 101. Give m(-12).
7
Let n(c) = c**2 - 5*c - 16. Determine n(6).
-10
Let l(f) = 13*f - 5. Determine l(1).
8
Let o(d) = d**3 - 53*d**2 - 56*d + 111. Calculate o(54).
3
Let c(u) = -u**3 + 13*u**2 + 12*u + 20. What is c(14)?
-8
Let j(v) = v**2 - 3*v + 7. Determine j(3).
7
Let f(q) = 23*q**2 + q. What is f(1)?
24
Let l(u) = -43*u - 1. What is l(1)?
-44
Let n(u) = 17*u - 75. Give n(6).
27
Let f(h) = -h**2 + 4*h + 54. Give f(-6).
-6
Let h(l) = 51*l**3 - l**2 - l. Determine h(-1).
-51
Let m(a) = a**3 - 3*a**2 - a + 3. Calculate m(2).
-3
Let x(h) = h**3 - 10*h**2 - 11*h - 15. Calculate x(11).
-15
Let o(l) = 43*l + 38. Calculate o(-1).
-5
Let q(b) = -5*b + 29. What is q(2)?
19
Let t(g) = -g**2 + 15*g - 7. Calculate t(15).
-7
Let w(i) = i**2 - 11*i - 48. Determine w(14).
-6
Let y(s) = -s**3 - 24*s**2 - 2*s - 15. Calculate y(-24).
33
Let g(o) = o**3 - 7*o**2 + 5*o + 25. Give g(5).
0
Let c(g) = -g**3 + 16*g**2 + 11*g + 10. Determine c(17).
-92
Let i(l) = l**2 - 10*l + 7. What is i(7)?
-14
Let t(h) = -2*h + 16. Determine t(6).
4
Let n(f) = -2*f**3 + 28*f**2 - f + 26. Determine n(14).
12
Let u(x) = -x**3 - 5*x**2 - 2*x + 3. Determine u(-4).
-5
Let z(y) = y - 23. What is z(11)?
-12
Let m(g) = -g**3 - 4*g**2 + 8*g - 17. Determine m(-7).
74
Let j(t) = -9*t - 61. Give j(-5).
-16
Let u(w) = -w**2 - w - 14. What is u(0)?
-14
Let t(l) = 34*l**2 - 138*l + 10. Determine t(4).
2
Let z(m) = -m**2 + 19*m + 63. What is z(-4)?
-29
Let q(x) = -x**3 - 9*x**2 - 14*x - 9. Determine q(-5).
-39
Let g(m) = m**2 - 19*m + 97. Give g(11).
9
Let k(x) = x**3 + 21*x**2 + 15*x - 96. Determine k(-20).
4
Let b(j) = -j**3 - 12*j**2 + 13*j - 9. Calculate b(-13).
-9
Let c(w) = w**2 - w - 31. Determine c(-7).
25
Let k(y) = -y**2 + 7*y - 3. Determine k(6).
3
Let k(d) = 2*d**3 - 3*d**2 